 = 3*c, 3*z + 3*c - 27 = j. Calculate the remainder when 49 is divided by z.
23
Let t(p) = p**2 - 6*p - 5. Let i be t(-4). Let r = -4 + i. Suppose 4*c - 30*n = -29*n + 226, 0 = c - 2*n - 60. Calculate the remainder when c is divided by r.
25
Calculate the remainder when 220 + (140/5)/14 is divided by 17.
1
Let o(u) = -u**3 - 2*u**2 + 9*u + 99. Calculate the remainder when 1666 is divided by o(0).
82
Calculate the remainder when 852/(-18)*-3*1 + 132 + -132 is divided by 38.
28
Suppose 4*s = -5*i + 71, -2*i = 3*s + 3*i - 57. What is the remainder when 1546 is divided by s?
6
What is the remainder when 161 is divided by (-294)/(-6) + (2 - 14)?
13
Let k = 88 + -57. Let p(s) = 4*s + 191. Let c be p(0). Suppose 5*h - 109 = c. What is the remainder when h is divided by k?
29
Suppose -763 = 8*x - 2123. Let b = x + -151. Calculate the remainder when 89 is divided by b.
13
Suppose 2*v + i + 223 = 5*v, -v + 3*i + 85 = 0. Let q = 86 - v. Suppose -q*h + 3*h = -470. Calculate the remainder when h is divided by 8.
7
Let z(v) = v**2 + 214. What is the remainder when z(0) is divided by (-1*86/5)/(1938/(-4845))?
42
Let g(d) = 66*d + 5. Calculate the remainder when g(13) is divided by 18.
17
Suppose 5*q - 9*q + 56 = 0. Let m(f) = f**2 + 18*f + 2. What is the remainder when m(-19) is divided by q?
7
What is the remainder when (-696)/(-261)*(-18)/(-2) is divided by (-15 + 9/(-3))*(-1)/2?
6
Let b(u) = 300*u - 5084. Let z(d) = d**3 - 3*d**2 + 4*d + 14. What is the remainder when z(6) is divided by b(17)?
2
Suppose -o = n - 78, -n - 4*o + 42 + 36 = 0. Let u(r) = -23*r + 1. Let w be u(3). Let l = n + w. Calculate the remainder when l is divided by 6.
4
Let m = -1620 - -2741. Suppose 2*g - 217 = -v, 12*g = -5*v + 14*g + m. Calculate the remainder when v is divided by 9.
7
Let p be (-377)/8 - 10/(-80). Let t = 52 + p. Suppose -7*o + 26 = -t*o. What is the remainder when 21 is divided by o?
8
Let c(t) be the first derivative of 3*t**2 - 40*t + 15. Let g be c(7). Suppose -3*r + m = 2, g*r = 4*m - m - 13. Calculate the remainder when 1 is divided by r.
0
Let b = -22169 - -22535. What is the remainder when b is divided by 355?
11
Let h(r) = 414*r**2 - 4*r + 3. Let p be h(1). Suppose -p*q + 204 = -409*q. Calculate the remainder when q is divided by 31.
20
Let h be 4/(0 - (-4)/(2 + -50)). Let g be 156/7 - (h/(-28))/6. Suppose -g = 6*v - 64. What is the remainder when 39 is divided by v?
4
Let o(q) = -q**2 + 5*q - 3. Let n be o(4). Suppose 5*z = 3*c - 51, 144*c - 4*z + 68 = 148*c. What is the remainder when (-21 + n)*(-15)/10 is divided by c?
13
Let l(y) = 2*y**3 - 26*y**2 + 155*y - 2003. Let w = -22 + 81. What is the remainder when w is divided by l(13)?
11
Suppose 833 = 20*u - 14267. Let m = -633 + u. Calculate the remainder when m is divided by 14.
10
Suppose 5*q - 643 = 2*u, 288 = 4*q - 5*u - 223. Let l = -18048 - -18075. What is the remainder when q is divided by l?
21
Let g(p) = p**2 - 8*p + 28. Let w(y) = -2*y + 34. What is the remainder when g(15) is divided by w(0)?
31
Suppose 7*y - 235 = 73. Suppose 23*v - 9*v - 266 = 0. Calculate the remainder when y is divided by v.
6
Let s(w) = -18 - 1 + w - 5*w. Let b be s(-6). Suppose -5*r - 3*d + d + 82 = 0, -2*r = -b*d - 27. What is the remainder when 142 is divided by r?
14
Let f = 111 + -69. Let m = -651 + 915. Suppose -30 = -m*w + 262*w. Calculate the remainder when f is divided by w.
12
Let w(y) = y**2 - 21*y - 21. Let j be 2*355/30 - (-3)/9. Calculate the remainder when 101 is divided by w(j).
50
Suppose 136 = 50*m - 764. Calculate the remainder when 53 is divided by m.
17
Let k(s) = -8*s**3 - 11*s**2 - 7*s - 4. Let h be k(-5). Let x = 857 - h. Calculate the remainder when x is divided by 15.
11
Suppose -f - 6*m + 11*m - 897 = 0, -m = -f - 913. Let k = f - -934. Let g = -24 - -72. What is the remainder when g is divided by k?
14
Suppose 5*z = -4*t + 4601, -24*t = -4*z - 20*t + 3652. Calculate the remainder when 919 is divided by z.
2
Let u(t) = t**2 + 11*t + 4. Let h(y) = y**2 + 11*y + 4. Let n(w) = 2*h(w) - 3*u(w). What is the remainder when 93 is divided by n(-8)?
13
Suppose 0 = 2*d + 2*a + 20, -5 = d - 2*a - 1. What is the remainder when 107 is divided by (d + 30)/(-11) - (-20)/1?
17
Suppose -21*h + 2112 = 23*h. Let p(o) = -1071*o**2 - o + 2. Let x be p(-2). What is the remainder when x/(-18) + (-4)/(-18) is divided by h?
46
Suppose -207 = -7*y - 207. Let p = 3 - 3. Suppose p = 6*g - 54 - y. Calculate the remainder when 33 is divided by g.
6
Suppose -g - 95 + 94 = 0, 0 = i + 5*g - 32. Calculate the remainder when 698 is divided by i.
32
Suppose -179*u + 429 = -85*u - 323. Calculate the remainder when 1372 is divided by u.
4
Suppose -7*l + 727 = 4*o - 8*l, 0 = 5*o - 3*l - 900. What is the remainder when 353 is divided by o?
170
Let i(p) = p**3 + p**2 - p + 4. Let w be i(0). Let n be (w/10)/(1/90). Let z = n - -5. Calculate the remainder when z is divided by 23.
18
Suppose -h + 6*h = -3*a + 12, 4*h + 12 = 3*a. Suppose -9*n - 15 + 168 = h. What is the remainder when 64 is divided by n?
13
Let x be (444/185)/(2 - (-23)/(-10)). Let f(r) = -24*r - 190. What is the remainder when 13 is divided by f(x)?
1
Suppose -178*z + 88 = -182*z. Let w be 15/(-3)*(2 - -1). Let q = w - z. What is the remainder when 26 is divided by q?
5
Suppose -4*m = -64 - 52. Let w(k) = -4*k**3 + 56*k**2 + 15*k - 39. Calculate the remainder when w(14) is divided by m.
26
Let u(m) = 29*m + 5. Let v be u(-6). Let g = v - -194. What is the remainder when g is divided by 13?
12
Suppose 5*m + 527 = 4*y, 5*y + 3*m - 291 = 3*y. Suppose -y = 4*z - 7*z + 3*p, 2*z = -2*p + 96. Calculate the remainder when z is divided by 14.
5
Suppose -10*z + 5*z = -2*a - 230, 460 = -4*a - 3*z. What is the remainder when 753 is divided by (-5 - -10) + a/(-5)?
25
Suppose -96*y + 219892 = 93*y + 19930. What is the remainder when y is divided by 147?
29
Let d(r) = -8. Let k(q) = -21*q + 350. Let l(j) = 3*d(j) + k(j). What is the remainder when l(9) is divided by 126?
11
Suppose -22*w = -2*y - 17*w + 374, -y = -4*w - 184. Calculate the remainder when y is divided by 101.
91
Calculate the remainder when (17/6*-2)/((-6)/612) is divided by 83.
80
Suppose 2*z - 63 = -15. Suppose 329*o - 40 = 324*o. Calculate the remainder when (20/(-3) + 0)/(o/(-84)) is divided by z.
22
Let q = -498 + 500. Suppose -3*k = 3*i - 876, 0 = -3*k + i + q*i + 876. Calculate the remainder when k is divided by 49.
47
Suppose -137*q = -133*q + 256. Calculate the remainder when 125 is divided by (15/5*q/6)/(-2).
13
Calculate the remainder when ((-11044)/(-8)*-2)/(-1 + 1 + -1) is divided by 8.
1
Let r = 3348 - 3237. What is the remainder when r is divided by 29?
24
Calculate the remainder when 653 is divided by (30/9)/(270/13284).
161
Let w = -10287 - -10538. What is the remainder when w is divided by 28?
27
Let j = 813 + -795. Calculate the remainder when 682 is divided by j.
16
Suppose -3*r - 114 = -3*i - 0*r, 5*r = 4*i - 152. Suppose -i*s = -54*s + 208. Calculate the remainder when 545 is divided by s.
12
Suppose -224 = -4*a - 5*g, -2*a = 4*g - 2*g - 112. Let d = 73 - a. Let p = 166 + -68. Calculate the remainder when p is divided by d.
13
Suppose -11*h + 90805 = 90541. Calculate the remainder when 1205 is divided by h.
5
Suppose -2*k - i = -277, -4*k + 5*i + 748 = 229. What is the remainder when 405 is divided by k?
133
Let f = -286904 - -287145. Suppose 82 = 5*u - 288. Calculate the remainder when f is divided by u.
19
Suppose -12*d = -67*d - 2*d + 17328. What is the remainder when 925 is divided by d?
13
Let c(m) = m. What is the remainder when (-16)/(-136) + 2440/68 is divided by c(10)?
6
Let b(j) be the first derivative of j**4/4 - 13*j**3/3 - 19*j**2/2 - 31*j + 42. Calculate the remainder when b(15) is divided by 1/(((-3)/3)/(-17)).
15
Suppose 337*r + 153*r = 47530. Let p(i) = i**3 - 7*i**2 + 6*i + 7. What is the remainder when r is divided by p(6)?
6
Suppose 32*u + 55*u - 28941 - 36222 = 0. What is the remainder when u is divided by 27?
20
Suppose -34*v + 18 = -25*v. Suppose 5*n + 2*z = 143, v*z + 3*z = 20. Calculate the remainder when 130 is divided by n.
22
Let r(y) = 2*y**2 - 21*y - 9. Let z(j) = -4*j**2 + 42*j + 19. Let b(i) = 5*r(i) + 2*z(i). Let n = 11 + 4. What is the remainder when b(n) is divi